ue
Is 1843037839 composite?
False
Is 5826447703 a composite number?
False
Is 108496991 a prime number?
True
Is 492143779 a prime number?
False
Is 49744511 prime?
True
Is 5451479149 prime?
False
Is 42554318491 a prime number?
True
Is 13607824882 composite?
True
Is 3859488407 composite?
False
Is 1701081683 prime?
False
Is 494131829 composite?
True
Is 4195946191 composite?
True
Is 16704900181 a composite number?
True
Is 6956318471 prime?
True
Is 50385249839 a prime number?
False
Is 5860807313 prime?
True
Is 5536775401 a composite number?
False
Is 998936241067 a prime number?
True
Is 6163516319 composite?
True
Is 32804287 prime?
False
Is 8100443999 a prime number?
False
Is 84617527 prime?
True
Is 4169557963 a composite number?
False
Is 708739049 a prime number?
True
Is 20049685339 composite?
True
Is 1650649769 composite?
False
Is 23176642831 a prime number?
True
Is 400679 prime?
True
Is 177537049 a composite number?
False
Is 125797485197 composite?
False
Is 2168631323 a composite number?
False
Is 65054814751 a composite number?
False
Is 1748027581 a prime number?
True
Is 80121378341 composite?
True
Is 377381219 a composite number?
False
Is 18097327847 composite?
False
Is 55198388103 composite?
True
Is 1102516107931 a prime number?
False
Is 8728349027 prime?
True
Is 189127223 prime?
True
Is 13373666311 composite?
False
Is 330613903 prime?
True
Is 4039297663 prime?
False
Is 10951654657 prime?
False
Is 14415989281 composite?
True
Is 1680063919 a composite number?
True
Is 2499798841 composite?
False
Is 4534518773 composite?
True
Is 62144273 prime?
False
Is 1052955391 a prime number?
False
Is 16384152661 prime?
True
Is 2920216121 a composite number?
False
Is 19587614561 a prime number?
True
Is 1193677761 prime?
False
Is 4045176647 a composite number?
True
Is 63344723779 composite?
False
Is 2849721697 a prime number?
True
Is 27461842259 a prime number?
False
Is 5204153 composite?
True
Is 3672545489 a prime number?
False
Is 16600528085 composite?
True
Is 362965387 a composite number?
False
Is 2866060057 composite?
True
Is 1807888213 a composite number?
False
Is 9477863509 a composite number?
True
Is 6163864159 composite?
True
Is 6080212795 composite?
True
Is 8712153139 a composite number?
False
Is 15941734933 a composite number?
True
Is 18925338631 composite?
True
Is 12041698943 prime?
True
Is 4057563707 a prime number?
True
Is 10765562411 composite?
False
Is 181662361 a composite number?
True
Is 22704069539 composite?
False
Is 32471213081 composite?
False
Is 900258823 composite?
True
Is 2734602961 a composite number?
False
Is 4101993781 composite?
False
Is 230845955507 a composite number?
True
Is 31174970653 a prime number?
True
Is 11262475513 composite?
False
Is 21051331649 a prime number?
False
Is 239998511 composite?
False
Is 309593863 composite?
True
Is 8329643213 composite?
True
Is 23861961533 composite?
False
Is 11554344943 composite?
False
Is 2071711399 a composite number?
False
Is 1503433091 composite?
True
Is 99661928129 composite?
True
Is 221658606241 prime?
True
Is 24674240749 prime?
True
Is 3854050589 composite?
True
Is 543952361 composite?
False
Is 16144580819 a prime number?
True
Is 1173006487 prime?
True
Is 76414571 composite?
False
Is 509049533 a prime number?
False
Is 340024277 a composite number?
True
Is 79628296651 a prime number?
True
Is 80919926 composite?
True
Is 5774032427 prime?
True
Is 110854541867 prime?
False
Is 7299458149 prime?
False
Is 491045447 composite?
True
Is 5602876163 composite?
False
Is 2990092907 a prime number?
True
Is 18992780491 composite?
True
Is 84289302983 composite?
False
Is 406220881 composite?
True
Is 1930278737 prime?
False
Is 4913651141 a prime number?
False
Is 79484089 prime?
True
Is 6669219589 composite?
False
Is 83087649982 a prime number?
False
Is 68179337 a prime number?
False
Is 6629807 composite?
False
Is 3023110469 a composite number?
False
Is 32414129717 prime?
True
Is 2103901697 a prime number?
False
Is 9322538899 a composite number?
True
Is 1275954347 a composite number?
True
Is 3881339749 a composite number?
True
Is 6707298149 a prime number?
True
Is 21158946811 a prime number?
True
Is 35012374 a prime number?
False
Is 53968432477 prime?
False
Is 5291927 prime?
True
Is 392811011 a prime number?
True
Is 73023331079 prime?
False
Is 366930484049 a prime number?
True
Is 9119347849 a prime number?
False
Is 809553491 composite?
True
Is 292098449 composite?
False
Is 304246373 prime?
False
Is 151532153 prime?
False
Is 81070380211 prime?
False
Is 26188264307 composite?
False
Is 55236469 a prime number?
True
Is 45510809467 a prime number?
True
Is 610734837 a prime number?
False
Is 947346667 composite?
False
Is 563045143 composite?
False
Is 1987354309 a composite number?
True
Is 9479076857 composite?
True
Is 6968546569 a composite number?
False
Is 579412129 a prime number?
True
Is 82061131027 a prime number?
False
Is 46397826473 a prime number?
False
Is 2397465799 a prime number?
True
Is 767208649 composite?
False
Is 1191681707 composite?
False
Is 577988387 prime?
True
Is 620367103 composite?
False
Is 801938617 prime?
True
Is 5206256969 a composite number?
False
Is 3094242451 a composite number?
False
Is 7570964438 composite?
True
Is 31315487309 composite?
False
Is 4663225883 a composite number?
False
Is 694536541 a composite number?
False
Is 18064842659 a prime number?
True
Is 151974499 a composite number?
False
Is 739701383 a prime number?
True
Is 30641662879 a prime number?
True
Is 102826949 a prime number?
False
Is 18838889 composite?
False
Is 1606475249 composite?
False
Is 5544207731 composite?
False
Is 5281919 a prime number?
True
Is 2607847597 prime?
True
Is 791458411 composite?
True
Is 3159843053 a prime number?
True
Is 4968939319 composite?
True
Is 64918042837 a composite number?
False
Is 37930623 composite?
True
Is 4198766578 a prime number?
False
Is 3464188543 composite?
False
Is 28384621847 composite?
True
Is 49311243118 prime?
False
Is 3763063273 composite?
False
Is 168810673 composite?
False
Is 12791759501 a composite number?
False
Is 14961927359 a composite number?
True
Is 1626695729 a composite number?
True
Is 7927614209 a prime number?
False
Is 71974604243 composite?
False
Is 41437927045 composite?
True
Is 7147729783 prime?
True
Is 8218073177 a composite number?
False
Is 26558791811 prime?
True
Is 1107353933 composite?
True
Is 55504075267 composite?
True
Is 957242714 prime?
False
Is 27219462499 a composite number?
False
Is 265354417 composite?
True
Is 17502544441 a prime number?
True
Is 78395202599 prime?
False
Is 830342753 composite?
False
Is 150093773 a prime number?
True
Is 63891192199 a prime number?
False
Is 5084762923 a composite number?
False
Is 716228143 prime?
True
Is 51232468423 a composite number?
False
Is 46089444139 a prime number?
True
Is 79224938491 prime?
True
Is 2684118013 a prime number?
False
Is 670388633 composite?
True
Is 117411191 a prime number?
False
Is 1342981193 prime?
False
Is 5400601793 a composite number?
True
Is 3497756651 prime?
True
Is 1964671771 prime?
False
Is 144316481714 prime?
False
Is 1242393479 a prime number?
False
Is 189120917 a prime number?
True
Is 1624337863 composite?
True
Is 268666851709 a prime number?
False
Is 5443232539 prime?
False
Is 133023907 a composite number?
True
Is 29801615783 prime?
False
Is 17533880701 a composite number?
False
Is 26827840183 prime?
True
Is 162231037 a composite number?
False
Is 11211797767 a prime number?
False
Is 1234757941 a composite number?
True
Is 963010579 a prime number?
True
Is 10777939693 prime?
False
Is 107739683815 composite?
True
Is 1348083811 composite?
False
Is 1938620683 prime?
True
Is 487231559 prime?
True
Is 497842639 a prime number?
False
Is 182329029659 a prime number?
False
Is 3111090137 a prime number?
True
Is 76173696787 composite?
False
Is 64499069071 a composite number?
True
Is 461159627 prime?
False
Is 2640811181 a composite number?
False
Is 81096299 prime?
True
Is 275514011 a composite number?
True
Is 10175346541 a composite number?
True
Is 279953689277 prime?
False
Is 2849280991 a prime number?
True
Is 12702407023 a composite number?
False
Is 2639011673 prime?
False
Is 868453657 a composite number?
False
Is 2108669123 prime?
False
Is 4468048381 composite?
False
Is 178179923 compo